 14. What is the tens digit of u?
2
Suppose y + 3*u = 10, 6*y - 5*y + 5*u = 0. What is the units digit of y?
5
Suppose -130 = -6*y + 464. What is the units digit of y?
9
Let r(h) = 20*h**2 + 2*h + 1. Let l be r(-1). Suppose 0*f + 2 = -2*y + 2*f, y + 4*f = l. Suppose -3 + 12 = y*o. What is the units digit of o?
3
What is the tens digit of (-66)/9*(-15)/2?
5
Let z(o) = o**3 + 4*o**2 + o - 3. Let u be z(-3). Suppose 0 = -u*d + d. Suppose -5*r + 3*b = -3*r + 6, r - 4*b + 13 = d. What is the units digit of r?
3
Let u = -9 + 8. Let b = 2 - u. What is the units digit of b?
3
Let c(d) = 2*d + 38 - 5*d + 5*d. What is the units digit of c(0)?
8
Let w = 11 + -11. Suppose 10*n + 3*c = 5*n + 130, n + 4*c - 26 = w. What is the units digit of n?
6
Let f = -1 + 4. Suppose -f*p + 8 = -28. What is the tens digit of p?
1
Let r be 1/(-2) + (-57)/(-6). Let w = r + -2. What is the units digit of w?
7
Suppose k + 1 = 3*j, -2*j = 2*k + 2*k + 18. Let f(c) = 6*c**3 + 1. Let o be f(j). Let p = o + 12. What is the units digit of p?
7
Let i = 2 - -1. Suppose -2*w = -7*w - 2*y + 68, 3*y = -i*w + 48. What is the tens digit of w?
1
Suppose 0 = -5*x - 118 + 518. Suppose 2*r + x = 4*k - 6, 5*k = 5*r + 105. What is the units digit of k?
2
Suppose -9*g = -5*g - 28. What is the units digit of (4/g)/(4/14)?
2
Let q(r) be the third derivative of r**5/60 - r**4/8 - 2*r**3/3 - 6*r**2. What is the units digit of q(-4)?
4
Suppose 2*u = 5*x - 15, x + 2*x = 4*u - 5. Suppose -4*f - 2*h = -24, -x*h - 40 = -2*f - 16. What is the units digit of f?
7
Suppose -u - 352 = -2*g - 3*u, -5*g = -4*u - 898. What is the units digit of g?
8
Let k = 6 - -1. Let l = -4 + k. Suppose 0*t + l = t. What is the units digit of t?
3
Let v(x) = -x**3 - 10*x**2 - 11*x + 6. Let j = -26 + 17. What is the units digit of v(j)?
4
Let y = 8 - 1. Let m = y + -6. What is the units digit of m?
1
Suppose 0 = -0*k + k - 50. Suppose -b - k = -6*b. What is the tens digit of b?
1
Let b = 1 + 3. Suppose b*v + k = 63, 19 = -0*v + 2*v + 3*k. What is the tens digit of v?
1
Let u = -5 + 7. Suppose 46 = 4*m + 5*y - 18, 3*m + u*y - 48 = 0. Suppose 14 = 3*b + l, -l - 3*l - m = 0. What is the units digit of b?
6
Let f = 15 + -19. Let y(t) be the third derivative of -t**6/120 - t**5/12 - 5*t**4/24 - t**3/3 - t**2. What is the units digit of y(f)?
2
Suppose -8 = -0*d - 4*d. Let n = 2 - d. Suppose 2*g = 4*g + 2*v, n = 3*g + 2*v - 3. What is the units digit of g?
3
Let y(j) = j**3 + 8*j**2 + 7*j. Let p be y(-7). Suppose p = -0*l + 2*l. What is the units digit of 1 - (l + 2)*-3?
7
Let f(q) = 2*q**2 - 5*q + 7. Let s be (-2)/(-2) + 1 + 2. What is the tens digit of f(s)?
1
Let v(h) be the second derivative of h**5/20 + h**4/4 - h**3/3 + h**2 - 2*h. Let x be v(-3). Suppose 3*i = x*i - 5. What is the units digit of i?
1
Let b = 0 - 13. Let u = b + 24. What is the units digit of u?
1
Suppose 4*h + 1028 = 4*v, -5*v - 222 + 1511 = -3*h. What is the hundreds digit of v?
2
Suppose -19 = -f + 2*c, -4*f + c = -2*f - 38. What is the tens digit of f?
1
Let t = 5 - -10. What is the units digit of t?
5
Suppose h + 2*t + 4 = 0, -t = 2*h - 2*t - 12. What is the units digit of (-34)/h*(-2)/1?
7
What is the units digit of (308/(-55))/((-3)/30)?
6
Let s be 1/(3/12)*2. Suppose 5*y = 4*d - 95, s = -2*y + 2. Suppose 5*r - d = 2*w, 2*w + 0*w + 16 = 4*r. What is the units digit of r?
4
Suppose 0 = -8*l + 4*l + 4. Let a be (3 - -3)/l + -2. Suppose 2*u = a*u - 34. What is the units digit of u?
7
Let c = 4 - 1. Let p be 2 + 5 - 2*1. Suppose -c*n - p = -8*n. What is the units digit of n?
1
Let y = 117 + -56. What is the tens digit of y?
6
Let b = 1 + 69. What is the tens digit of b?
7
Let o be 1/(-4) - 2/(-8). Suppose -d + 0 + 6 = o. What is the units digit of d?
6
Let o = -79 + 289. What is the hundreds digit of o?
2
Suppose -4*k + 5*k = 3. Suppose 0 = -0*x + 3*x - k. What is the units digit of x?
1
What is the units digit of 17826/60 + (-1)/10?
7
What is the units digit of 2 + 1/(0 - -1)?
3
Let w = -50 + 71. Let b = w + -29. Let u = b + 25. What is the tens digit of u?
1
Suppose 3*k = 3*a - 51, -5*a + 2*k - k + 73 = 0. What is the units digit of a?
4
Let y be (-18)/5 - (-4)/(-10). Let n be (5 - 1)/(y/(-2)). Suppose -3*z + 2 = -n*d, d - 6*d - z = -12. What is the units digit of d?
2
Let j(b) = -b**3 + 8*b**2 - 6*b - 4. Let n be j(7). Suppose -5*i + 3*o = -24, n*o + 14 = 3*i + o. What is the units digit of (-2)/i + 136/12?
1
Let g = 13 - 7. Suppose g*c = 4*c + 34. What is the tens digit of c?
1
Let f(q) = 14*q**2 - 6*q + 20. Let j(n) = -5*n**2 + 2*n - 7. Let g(b) = 6*f(b) + 17*j(b). Let y be g(-3). What is the units digit of (-5 + (0 - -2))*y?
6
Suppose 0 = g - 0*g + 3, -2*y - 5*g = 25. Let l = 15 - y. What is the tens digit of l?
2
Suppose -h = 2*t + 51 + 157, -3*h - 628 = 4*t. What is the tens digit of (1/2)/((-2)/h)?
5
Let w(m) = -4*m. Let u be w(-1). Suppose -u*t = -6*t - 8. What is the units digit of ((-2)/t)/((-6)/(-144))?
2
Suppose 5*w - 102 = 63. What is the units digit of w?
3
Suppose 0 = -2*b - 5*h - 45, -h = -5*b - 0*h - 99. Let m = b + 36. What is the units digit of m?
6
Suppose -5*f = 3*j - 150, 4*j - 4*f - 232 = -0*j. What is the units digit of j?
5
Suppose -6*r = -10*r. Suppose -5*z + 74 + 21 = r. What is the units digit of z?
9
Let b = 63 - -39. What is the hundreds digit of b?
1
Suppose -1 - 6 = -3*v + w, -v - 19 = 5*w. Suppose 5*d - 5 = g, -5*g = 3*d - 2 - v. Suppose g*y = -5*y + 50. What is the tens digit of y?
1
Let k(t) = 33*t - 61. What is the tens digit of k(12)?
3
Suppose -4*n + 621 = -k, 0 = 3*n - 3*k - 0*k - 459. What is the hundreds digit of n?
1
Suppose 177 - 39 = 2*x. What is the units digit of x?
9
Suppose -2*o - 2 = 2*h - 6, 2*h = -3*o + 2. What is the units digit of ((-4)/o - 2) + 15?
5
Suppose j + 2*j = 0. Let t(u) = u + 5. Let x be t(-5). Suppose r + j*r - 1 = x. What is the units digit of r?
1
Let i(r) = -r**2 - 7*r + 10. Let d(y) = -3*y**2 - 15*y + 21. Let v(z) = -2*d(z) + 5*i(z). Let g be v(6). Suppose -g = -2*j + 12. What is the units digit of j?
3
Let j(x) = -3*x**2 + 4*x - 3. Let r be j(3). Let u = -6 - r. What is the tens digit of u?
1
Suppose 0 = n - 51 - 12. What is the units digit of n?
3
Let l = 53 + -38. Suppose 0 = r + 4*s - 3*s - l, -3*r + 37 = -s. What is the tens digit of r?
1
Let m(r) = -r**2 - 5*r - 3. Let i be m(-3). Let v = 23 + -43. What is the units digit of (6/(-5))/(i/v)?
8
Suppose 6*r + 27 = 3*r. Let v = r - -27. Let d = -9 + v. What is the units digit of d?
9
Suppose -5*a + 300 = -0*a. What is the units digit of a?
0
Let f = 3 + 0. Suppose -j = 3*j - 4*s + 20, -13 = 2*j - f*s. What is the units digit of (1 - j)/(3/4)?
4
Let q = 0 + 5. Suppose 0 = -t + q*t - 4*x + 4, -3*x = 4*t - 24. What is the units digit of t/((-4)/(44/(-3)))?
1
Let d be (-87)/27 - 4/(-18). Let o = 4 - d. Let f = o + 4. What is the units digit of f?
1
Suppose -48*w + 54*w - 1674 = 0. What is the hundreds digit of w?
2
Let l = -156 + 492. What is the tens digit of l?
3
What is the units digit of 93 + 2/(-8) + (-15)/(-60)?
3
Let m = -18 - -35. What is the units digit of m?
7
Let x(y) be the third derivative of y**5/3 - y**3/6 - 5*y**2. What is the units digit of x(1)?
9
Let q(p) = p**3 + 4*p**2 - 3*p. What is the units digit of q(3)?
4
Let q = -108 - -159. What is the tens digit of q?
5
Suppose q - 6 = 27. Suppose -q = 3*d - 6*d. What is the tens digit of d?
1
Let b be 4 + (-30)/(1 + 2). Suppose 4 = h - 0. What is the units digit of (-14)/b + h/6?
3
Let f(j) = j**2 - 11*j - 2. Let s(k) = 12*k. Let x be s(1). What is the units digit of f(x)?
0
Let d(b) = b**2 - 10*b + 16. Let z be d(12). Suppose -2*w + z = -4. What is the tens digit of w?
2
What is the tens digit of 28 - (12/(-4) + 5)?
2
Let a be (-2)/(-5) + (-496)/(-10). Suppose 0 = -5*k - 5*p - a, -3*p - p = 0. What is the tens digit of (5/k)/(1/(-26))?
1
Let h(a) = -a**3 + 5*a**2 + 3. Suppose -5*v + 35 = 3*x, 4*x - 16 = -0*v + v. What is the units digit of h(v)?
9
Suppose 2*f - 2*o = 282, 4*f - 90 = -4*o + 458. What is the hundreds digit of f?
1
Suppose -16 - 8 = -8*r. Let p(o) be the first derivative of 2*o**2 + 2*o + 1. What is the tens digit of p(r)?
1
Suppose -3*s + 342 = 3*b, -5*b + 2*s - 5*s = -562. What is the tens digit of b?
1
Suppose 4*c - 6*c = -110. What is the tens digit of 